{"id":29,"date":"2025-12-01T09:58:14","date_gmt":"2025-12-01T08:58:14","guid":{"rendered":"https:\/\/pixelliberty.hu\/?page_id=29"},"modified":"2025-12-16T11:29:46","modified_gmt":"2025-12-16T10:29:46","slug":"miben-tudok-segiteni","status":"publish","type":"page","link":"https:\/\/pixelliberty.hu\/?page_id=29","title":{"rendered":"Miben tudok seg\u00edteni?"},"content":{"rendered":"\n<h1 class=\"wp-block-heading has-text-align-center\">Miben tudok seg\u00edteni?<\/h1>\n\n\n\n<p>Log\u00f3, arculat vagy komplett weboldal k\u00e9sz\u00edt\u00e9s? Mindegyikre tal\u00e1lsz megold\u00e1st. Ha pedig nincs itt, amit kerest\u00e9l, egyedi aj\u00e1nlatok\u00e9rt \u00edrj!<\/p>\n\n\n\n<div class=\"wp-block-buttons is-layout-flex wp-block-buttons-is-layout-flex\">\n<div class=\"wp-block-button\"><a class=\"wp-block-button__link wp-element-button\" href=\"https:\/\/pixelliberty.hu\/?page_id=60\">kapcsolatfelv\u00e9tel<\/a><\/div>\n<\/div>\n\n\n\n<div style=\"height:50px\" aria-hidden=\"true\" class=\"wp-block-spacer\"><\/div>\n\n\n\n<div class=\"wp-block-group services\"><div class=\"wp-block-group__inner-container is-layout-constrained wp-block-group-is-layout-constrained\">\n<div class=\"wp-block-columns is-layout-flex wp-container-core-columns-is-layout-9d6595d7 wp-block-columns-is-layout-flex\">\n<div class=\"wp-block-column packet is-layout-flow wp-block-column-is-layout-flow\">\n<figure class=\"wp-block-image size-large\"><img loading=\"lazy\" decoding=\"async\" width=\"1024\" height=\"683\" src=\"https:\/\/pixelliberty.hu\/wp-content\/uploads\/logo-es-arculattervezes-1-1024x683.png\" alt=\"\u00edgy k\u00e9sz\u00fcl a te log\u00f3d is\" class=\"wp-image-229\" srcset=\"https:\/\/pixelliberty.hu\/wp-content\/uploads\/logo-es-arculattervezes-1-1024x683.png 1024w, https:\/\/pixelliberty.hu\/wp-content\/uploads\/logo-es-arculattervezes-1-300x200.png 300w, https:\/\/pixelliberty.hu\/wp-content\/uploads\/logo-es-arculattervezes-1-768x512.png 768w, https:\/\/pixelliberty.hu\/wp-content\/uploads\/logo-es-arculattervezes-1.png 1201w\" sizes=\"auto, (max-width: 1024px) 100vw, 1024px\" \/><\/figure>\n\n\n\n<h2 class=\"wp-block-heading\">Log\u00f3- \u00e9s arculattervez\u00e9s<\/h2>\n\n\n\n<p>Kis- \u00e9s nagyarculat tervez\u00e9s, az egyszer\u0171 log\u00f3t\u00f3l a professzion\u00e1lis brand\u00e9p\u00edt\u00e9sig. Log\u00f3, sz\u00ednpaletta, bet\u0171t\u00edpus aj\u00e1nl\u00e1s, alapvet\u0151 arculati szab\u00e1lyok, ikon csal\u00e1d, n\u00e9vjegyk\u00e1rtya, social media sablonok.<\/p>\n\n\n\n<div style=\"height:50px\" aria-hidden=\"true\" class=\"wp-block-spacer\"><\/div>\n\n\n\n<div class=\"wp-block-buttons is-layout-flex wp-block-buttons-is-layout-flex\">\n<div class=\"wp-block-button\"><a class=\"wp-block-button__link wp-element-button\" href=\"https:\/\/pixelliberty.hu\/?page_id=163\">r\u00e9szletek<\/a><\/div>\n<\/div>\n\n\n\n<div style=\"height:50px\" aria-hidden=\"true\" class=\"wp-block-spacer\"><\/div>\n<\/div>\n\n\n\n<div class=\"wp-block-column packet is-layout-flow wp-block-column-is-layout-flow\">\n<figure class=\"wp-block-image size-large\"><img loading=\"lazy\" decoding=\"async\" width=\"1024\" height=\"683\" src=\"https:\/\/pixelliberty.hu\/wp-content\/uploads\/webdesing-arculat-kialakitas-1024x683.png\" alt=\"webdesing, arculat kialak\u00edt\u00e1s\" class=\"wp-image-234\" srcset=\"https:\/\/pixelliberty.hu\/wp-content\/uploads\/webdesing-arculat-kialakitas-1024x683.png 1024w, https:\/\/pixelliberty.hu\/wp-content\/uploads\/webdesing-arculat-kialakitas-300x200.png 300w, https:\/\/pixelliberty.hu\/wp-content\/uploads\/webdesing-arculat-kialakitas-768x512.png 768w, https:\/\/pixelliberty.hu\/wp-content\/uploads\/webdesing-arculat-kialakitas.png 1201w\" sizes=\"auto, (max-width: 1024px) 100vw, 1024px\" \/><\/figure>\n\n\n\n<h2 class=\"wp-block-heading\">Webdesign, arculat kialak\u00edt\u00e1s<\/h2>\n\n\n\n<p>Egy vagy t\u00f6bb oldalas design k\u00e9sz\u00edt\u00e9s kis- \u00e9s nagy csomagok. Egyedi UI\/UX design, wireframe, sz\u00ednpaletta, bet\u0171t\u00edpusok integr\u00e1l\u00e1sa, reszponz\u00edv n\u00e9zetek, \u00e1tgondolt layout rendszerek.<br><\/p>\n\n\n\n<div style=\"height:50px\" aria-hidden=\"true\" class=\"wp-block-spacer\"><\/div>\n\n\n\n<div class=\"wp-block-buttons is-layout-flex wp-block-buttons-is-layout-flex\">\n<div class=\"wp-block-button\"><a class=\"wp-block-button__link wp-element-button\" href=\"https:\/\/pixelliberty.hu\/?page_id=185\">r\u00e9szletek<\/a><\/div>\n<\/div>\n\n\n\n<div style=\"height:50px\" aria-hidden=\"true\" class=\"wp-block-spacer\"><\/div>\n<\/div>\n\n\n\n<div class=\"wp-block-column packet is-layout-flow wp-block-column-is-layout-flow\">\n<figure class=\"wp-block-image size-large\"><img loading=\"lazy\" decoding=\"async\" width=\"1024\" height=\"683\" src=\"https:\/\/pixelliberty.hu\/wp-content\/uploads\/egyedi-weboldal-keszites-1024x683.png\" alt=\"egyedi weboldalak k\u00e9sz\u00edt\u00e9se\" class=\"wp-image-227\" srcset=\"https:\/\/pixelliberty.hu\/wp-content\/uploads\/egyedi-weboldal-keszites-1024x683.png 1024w, https:\/\/pixelliberty.hu\/wp-content\/uploads\/egyedi-weboldal-keszites-300x200.png 300w, https:\/\/pixelliberty.hu\/wp-content\/uploads\/egyedi-weboldal-keszites-768x512.png 768w, https:\/\/pixelliberty.hu\/wp-content\/uploads\/egyedi-weboldal-keszites.png 1201w\" sizes=\"auto, (max-width: 1024px) 100vw, 1024px\" \/><\/figure>\n\n\n\n<h2 class=\"wp-block-heading\">Egyedi weboldalak k\u00e9sz\u00edt\u00e9se<\/h2>\n\n\n\n<p>One page \u00e9s landing oldalak, egyedi k\u00f3dol\u00e1ssal vagy WordPress keretrendszerben <\/p>\n\n\n\n<div style=\"height:50px\" aria-hidden=\"true\" class=\"wp-block-spacer\"><\/div>\n\n\n\n<div class=\"wp-block-buttons is-layout-flex wp-block-buttons-is-layout-flex\">\n<div class=\"wp-block-button\"><a class=\"wp-block-button__link wp-element-button\" href=\"https:\/\/pixelliberty.hu\/?page_id=186\">r\u00e9szletek<\/a><\/div>\n<\/div>\n\n\n\n<div style=\"height:50px\" aria-hidden=\"true\" class=\"wp-block-spacer\"><\/div>\n<\/div>\n<\/div>\n<\/div><\/div>\n\n\n\n<div style=\"height:100px\" aria-hidden=\"true\" class=\"wp-block-spacer\"><\/div>\n\n\n\n<div class=\"wp-block-buttons is-content-justification-center is-layout-flex wp-container-core-buttons-is-layout-16018d1d wp-block-buttons-is-layout-flex\">\n<div class=\"wp-block-button\"><a class=\"wp-block-button__link wp-element-button\" href=\"https:\/\/pixelliberty.hu\/\">vissza<\/a><\/div>\n<\/div>\n\n\n\n<div style=\"height:100px\" aria-hidden=\"true\" class=\"wp-block-spacer\"><\/div>\n","protected":false},"excerpt":{"rendered":"<p>Miben tudok seg\u00edteni? Log\u00f3, arculat vagy komplett weboldal k\u00e9sz\u00edt\u00e9s? Mindegyikre tal\u00e1lsz megold\u00e1st. Ha pedig nincs itt, amit kerest\u00e9l, egyedi aj\u00e1nlatok\u00e9rt &#8230;<\/p>\n","protected":false},"author":1,"featured_media":0,"parent":0,"menu_order":0,"comment_status":"closed","ping_status":"closed","template":"","meta":{"footnotes":""},"class_list":["post-29","page","type-page","status-publish","hentry"],"_links":{"self":[{"href":"https:\/\/pixelliberty.hu\/index.php?rest_route=\/wp\/v2\/pages\/29","targetHints":{"allow":["GET"]}}],"collection":[{"href":"https:\/\/pixelliberty.hu\/index.php?rest_route=\/wp\/v2\/pages"}],"about":[{"href":"https:\/\/pixelliberty.hu\/index.php?rest_route=\/wp\/v2\/types\/page"}],"author":[{"embeddable":true,"href":"https:\/\/pixelliberty.hu\/index.php?rest_route=\/wp\/v2\/users\/1"}],"replies":[{"embeddable":true,"href":"https:\/\/pixelliberty.hu\/index.php?rest_route=%2Fwp%2Fv2%2Fcomments&post=29"}],"version-history":[{"count":10,"href":"https:\/\/pixelliberty.hu\/index.php?rest_route=\/wp\/v2\/pages\/29\/revisions"}],"predecessor-version":[{"id":360,"href":"https:\/\/pixelliberty.hu\/index.php?rest_route=\/wp\/v2\/pages\/29\/revisions\/360"}],"wp:attachment":[{"href":"https:\/\/pixelliberty.hu\/index.php?rest_route=%2Fwp%2Fv2%2Fmedia&parent=29"}],"curies":[{"name":"wp","href":"https:\/\/api.w.org\/{rel}","templated":true}]}}