{"id":186,"date":"2025-12-15T11:57:34","date_gmt":"2025-12-15T10:57:34","guid":{"rendered":"https:\/\/pixelliberty.hu\/?page_id=186"},"modified":"2025-12-15T11:57:56","modified_gmt":"2025-12-15T10:57:56","slug":"egyedi-weboldalak-keszitese-2","status":"publish","type":"page","link":"https:\/\/pixelliberty.hu\/?page_id=186","title":{"rendered":"Egyedi weboldalak k\u00e9sz\u00edt\u00e9se"},"content":{"rendered":"\n<h1 class=\"wp-block-heading\"><strong>Egyedi weboldalak k\u00e9sz\u00edt\u00e9es<\/strong><\/h1>\n\n\n\n<p>Landing-,  one page- \u00e9s t\u00f6bb oldalas honlapok k\u00e9sz\u00edt\u00e9se, HTML5+CSS\/JS alap\u00fa egyedi fejleszt\u00e9s. Teljes k\u00f6r\u0171 szolg\u00e1ltat\u00e1s a domain regisztr\u00e1ci\u00f3t\u00f3l az oldal telep\u00edt\u00e9s\u00e9ig. Letisztult, reszponz\u00edv k\u00f3dok, SEO- bar\u00e1t szerkezet. <\/p>\n\n\n\n<div class=\"wp-block-columns is-layout-flex wp-container-core-columns-is-layout-9d6595d7 wp-block-columns-is-layout-flex\">\n<div class=\"wp-block-column card is-layout-flow wp-block-column-is-layout-flow\">\n<p>Kis weboldal csomag (statikus oldal, 1-2 oldalas reszponz\u00edv weboldal, pl. bemutatkoz\u00f3 oldal)<\/p>\n\n\n\n<ul class=\"wp-block-list\">\n<li>Landing- \u00e9s one page oldalak<\/li>\n\n\n\n<li>Megl\u00e9v\u0151 design alapj\u00e1n HTML5 + CSS3 oldalk\u00f3dol\u00e1s<\/li>\n\n\n\n<li>Reszponzivit\u00e1s mobilra, tabletre (Media Queries)<\/li>\n\n\n\n<li>Letisztult, optimaliz\u00e1lt k\u00f3d (VS Code \/ k\u00e9zi fejleszt\u00e9s)<\/li>\n\n\n\n<li>Kapcsolatfelv\u00e9teli \u0171rlap <\/li>\n\n\n\n<li>SEO-bar\u00e1t szerkezet (meta tagek, headingek)<\/li>\n<\/ul>\n\n\n\n<p><strong>\u00c1r:<\/strong>&nbsp;99.000 (+\u00c1fa) Ft-t\u00f3l<\/p>\n\n\n\n<div style=\"height:50px\" aria-hidden=\"true\" class=\"wp-block-spacer\"><\/div>\n\n\n\n<div class=\"wp-block-buttons is-layout-flex wp-block-buttons-is-layout-flex\">\n<div class=\"wp-block-button\"><a class=\"wp-block-button__link wp-element-button\" href=\"https:\/\/pixelliberty.hu\/?page_id=53\">ez kell nekem<\/a><\/div>\n<\/div>\n<\/div>\n\n\n\n<div class=\"wp-block-column card is-layout-flow wp-block-column-is-layout-flow\">\n<p>Nagy weboldal csomag (egyedi, t\u00f6bb oldalas site, komplexebb tartalom + funkci\u00f3k)<\/p>\n\n\n\n<ul class=\"wp-block-list\">\n<li>Teljes site szerkezet (4-8 oldal)<\/li>\n\n\n\n<li>Megl\u00e9v\u0151 design alapj\u00e1n HTML5 + CSS3 + JS fejleszt\u00e9s<\/li>\n\n\n\n<li>Anim\u00e1ci\u00f3k, interakt\u00edv elemek <\/li>\n\n\n\n<li>Kapcsolati \u0171rlap m\u0171k\u00f6d\u0151 backenddel (alap PHP vagy JS k\u00fcld\u00e9s)<\/li>\n\n\n\n<li>Alapvet\u0151 technikai SEO, optimaliz\u00e1l\u00e1s<\/li>\n\n\n\n<li>\u00c1tad\u00e1s dokument\u00e1ci\u00f3val, telep\u00edt\u00e9ssel (pl. GitHub vagy FTP)<\/li>\n<\/ul>\n\n\n\n<p><strong>\u00c1r:<\/strong>&nbsp;199.000 (+\u00c1fa) Ft-t\u00f3l<\/p>\n\n\n\n<div style=\"height:50px\" aria-hidden=\"true\" class=\"wp-block-spacer\"><\/div>\n\n\n\n<div class=\"wp-block-buttons is-layout-flex wp-block-buttons-is-layout-flex\">\n<div class=\"wp-block-button\"><a class=\"wp-block-button__link wp-element-button\" href=\"https:\/\/pixelliberty.hu\/?page_id=53\">ez kell nekem<\/a><\/div>\n<\/div>\n\n\n\n<div style=\"height:50px\" aria-hidden=\"true\" class=\"wp-block-spacer\"><\/div>\n<\/div>\n<\/div>\n\n\n\n<div style=\"height:50px\" aria-hidden=\"true\" class=\"wp-block-spacer\"><\/div>\n\n\n\n<div class=\"wp-block-buttons is-content-justification-center is-layout-flex wp-container-core-buttons-is-layout-16018d1d wp-block-buttons-is-layout-flex\">\n<div class=\"wp-block-button\"><a class=\"wp-block-button__link wp-element-button\" href=\"https:\/\/pixelliberty.hu\/\">vissza<\/a><\/div>\n<\/div>\n","protected":false},"excerpt":{"rendered":"<p>Egyedi weboldalak k\u00e9sz\u00edt\u00e9es Landing-, one page- \u00e9s t\u00f6bb oldalas honlapok k\u00e9sz\u00edt\u00e9se, HTML5+CSS\/JS alap\u00fa egyedi fejleszt\u00e9s. Teljes k\u00f6r\u0171 szolg\u00e1ltat\u00e1s a domain &#8230;<\/p>\n","protected":false},"author":1,"featured_media":0,"parent":0,"menu_order":0,"comment_status":"closed","ping_status":"closed","template":"","meta":{"footnotes":""},"class_list":["post-186","page","type-page","status-publish","hentry"],"_links":{"self":[{"href":"https:\/\/pixelliberty.hu\/index.php?rest_route=\/wp\/v2\/pages\/186","targetHints":{"allow":["GET"]}}],"collection":[{"href":"https:\/\/pixelliberty.hu\/index.php?rest_route=\/wp\/v2\/pages"}],"about":[{"href":"https:\/\/pixelliberty.hu\/index.php?rest_route=\/wp\/v2\/types\/page"}],"author":[{"embeddable":true,"href":"https:\/\/pixelliberty.hu\/index.php?rest_route=\/wp\/v2\/users\/1"}],"replies":[{"embeddable":true,"href":"https:\/\/pixelliberty.hu\/index.php?rest_route=%2Fwp%2Fv2%2Fcomments&post=186"}],"version-history":[{"count":3,"href":"https:\/\/pixelliberty.hu\/index.php?rest_route=\/wp\/v2\/pages\/186\/revisions"}],"predecessor-version":[{"id":290,"href":"https:\/\/pixelliberty.hu\/index.php?rest_route=\/wp\/v2\/pages\/186\/revisions\/290"}],"wp:attachment":[{"href":"https:\/\/pixelliberty.hu\/index.php?rest_route=%2Fwp%2Fv2%2Fmedia&parent=186"}],"curies":[{"name":"wp","href":"https:\/\/api.w.org\/{rel}","templated":true}]}}